4 + (-3 + 7 - (16 + -9)))?
10
What is the value of (-22 - -19) + (0 - -1) + -5 + -1?
-8
Evaluate 20 + (-30 - 1) - (-52 + 6).
35
Evaluate 45 - (-39 + 78) - (21 + -1 + 0).
-14
Evaluate 8 - (28 + (6 - 35) + 20).
-11
What is the value of -1 + -14 + (-101 - -112)?
-4
Calculate 8 + (18 - (2 + 4)) - 10.
10
Evaluate (-5 - 4 - -2 - -5) + (1 - 18).
-19
-39 - -12 - (-1 + -38)
12
-5 - (54 + -22 - 46)
9
Evaluate 3 + -23 + (3 + (-13 - -7) - -6).
-17
What is 16 + (-9 - (0 + -1)) + 3?
11
What is the value of (15 - (52 - 16)) + (5 + -3 - -3)?
-16
Evaluate -1 - (20 + (1 + 5 - -1) + 1).
-29
-2 + (-1 - (-9 - -1) - (-165 - -158))
12
What is the value of -1 + -1 + (-126 - -122)?
-6
Calculate (1 - 3) + -9 + (1 - -1 - -6).
-3
What is the value of -5 - (9 + -9) - (-17 + 8 - -13)?
-9
Evaluate (0 - (0 + (-9 - 1))) + -1275 + 1275.
10
What is -22 + (25 - (26 - 14)) - 3?
-12
3 + (11 - 16) - (-20 + 1)
17
-2 + 1 - (14 + (11 + 9 - 8))
-27
What is the value of 4 - (-7 - (14 + -14))?
11
What is 16 - (6 + 1) - (-5 - -3 - -11)?
0
What is the value of 1 - -1 - (-112 + 116)?
-2
Calculate -22 - -2 - (0 + (9 - 4)) - -10.
-15
8 + 12 + -17 + (3 - (-3 + 17))
-8
What is the value of (0 - (-2 + 9 + 0)) + -3 + -3?
-13
-66 + 48 + 14 + 2
-2
Evaluate (7 - 2) + 7 + -19 + 1 - -1.
-5
Evaluate (-60 - -58) + (1 - 2 - 10).
-13
What is the value of -16 + (31 - 0) - 1?
14
What is the value of 8 + 5 + (1 - (-10 + -1 - -3))?
22
Calculate 64 + -17 - 33 - -25.
39
What is the value of -57 - -16 - (-30 - 14)?
3
Evaluate -3 + 7 + -49 + 42.
-3
-12 + (-3 + 0 - ((-25 - -15) + -2))
-3
Calculate 1 - (6 + (1 - (4 + -24 + 12))).
-14
Evaluate 3 - -3 - (-20 - (-21 - 19)).
-14
(-29 - (12 - 20)) + (-1 - -13)
-9
Evaluate -6 + -1 + -3 + 7 - (-48 - -41).
4
What is the value of 21 + -20 - (-6 - (-11 + 18))?
14
Calculate -18 + -7 + 25 - 14.
-14
What is the value of 4 + 17 + -4 + -3 + -1?
13
What is the value of -7 - (2 + 0) - (10 - (-10 + 13))?
-16
What is the value of -6 + 12 + (-16 - -14)?
4
What is the value of 4 + (4 - 1) + -4 + -4?
-1
What is 27 - (7 - (-3 - 11))?
6
-4 - (0 + -14 + 0)
10
(-13 + -2 - 3) + (-8 - (-4 - 8))
-14
Evaluate (-1 + 1 - (9 - 6) - -7) + -2.
2
Evaluate 5 - 0 - (-3 + 1) - (19 + -13).
1
What is the value of -33 + 9 - (-11 - 2)?
-11
Calculate (-17 + 0 - -22) + (0 - 6).
-1
What is the value of -8 + (-9 - (-2 + -24)) - -4?
13
What is 14 - (-1 + -15 - -14)?
16
Evaluate 105 + -80 - (2 + 17).
6
What is -5 + (-1 - 0) + (18 - 23)?
-11
Calculate 12 + 7 + -19 - -22.
22
4 + -32 - -18 - (0 - 3)
-7
(-107 - (-142 + 60)) + -12 + 0
-37
Calculate -1 + 7 - (-745 + 753).
-2
Calculate -28 + (62 + -29 - 7).
-2
Calculate -98 + 58 - (10 + -37).
-13
Evaluate (-1 - -28) + (19 - 32).
14
Evaluate (-8 - -25) + (22 + -26 - 2).
11
Calculate (-18 + 11 - (25 - 4)) + (5 - 8).
-31
Calculate (42 - (-3 + 53)) + (-3 - (-1 + 23)).
-33
What is the value of -18 + 19 - ((1 - (2 - -5)) + -9)?
16
2 + (-14 - 0) - (10 - -1 - 17)
-6
Evaluate -10 - (12 - 24 - 1).
3
What is the value of (-6 - 1) + 2 + 1 - (4 - 1)?
-7
Calculate 3 + -22 + 68 + -56.
-7
What is the value of 15 - (31 + -6 - 6)?
-4
What is the value of -7 + -3 + 6 - (6 + (-15 - -5))?
0
-8 - ((-1 - -2) + -5 + 7)
-11
What is the value of 205 + -210 + (5 + (-2 - -2) - 1)?
-1
Evaluate -5 + (8 - 32) + 36.
7
What is 5 + 1 + 8 + 5 + -5 + 1?
15
Calculate (0 - 0) + 5 + (-39 + 1 - -33).
0
What is -4 + (-1 - -10) + 4 + 1 + -1?
9
Evaluate -8 + (-9 + 24 - 6).
1
Evaluate 6 - 3 - (-21 + 20) - 12 - -7.
-1
Calculate 2 + (7 - (2 - (-3 - -12))).
16
What is the value of -124 + 127 - (-2 + -11 - -2)?
14
Evaluate 15 + -13 + 5 - 4 - -8.
11
What is -246 - -244 - (-33 + 1)?
30
What is the value of -7 + -25 - (-12 - (-17 - -8))?
-29
Calculate (-17 - -1) + -484 + 499.
-1
Calculate -25 + 1 - (-43 + 32).
-13
9 + (-9 - 0) + 9
9
What is -12 - (-2 + 3 + -12) - -6?
5
What is (15 - (-9 - -28)) + (-1 - -2) - -11?
8
What is -2 + 0 - (2 + 5 + (-38 - -11))?
18
What is -14 + 5 - -2 - (-15 + 10)?
-2
Evaluate 1039 - 1018 - (-1 + 4).
18
What is the value of -8 - (-15 + 2 - (0 + -7))?
-2
What is the value of (-18 - -18 - (4 - 4)) + -20?
-20
-286 + 290 + (-1 - 15)
-12
Evaluate 4 - (12 + -25 + 15) - (-6 + -1).
9
Calculate 1511 + -1507 - (0 + -1 - -10).
-5
What is the value of -15 + (6 + 0 - 4) + -2?
-15
What is (5 - -5) + (-3 - -3) + -1?
9
What is 25 - (-1 - (1 - -3 - (39 - 31)))?
22
Calculate (9 - 7) + -1 + -11.
-10
Evaluate (-3 + 1 - -27) + (-245 - -245).
25
5 + (2 + -3 - 4) - (0 - -7)
-7
Evaluate 0 - ((2 - (9 - -11)) + 13).
5
Calculate -2 + (-8 + -1 - -15) - 0.
4
Calculate -1 + 4 + 5 + -10 - 3.
-5
What is -18 + 3 - (35 - 36) - -19?
5
What is the value of -1 + -4 + (9 + -3 - (18 - 14))?
-3
What is -4 + 9 + -2 + (-1 + -1 - 2)?
-1
Calculate (-48 - -31) + (1 - (5 + -4)).
-17
What is the value of 29 + (-26 - (-23 + 5)) + 12?
33
Calculate 8 + 4 + -1 + -19 + (3 - 2).
-7
What is 1 - 0 - 8 - (25 - 129 - -105)?
-8
Calculate 28 - 1 - (66 + (-42 - 14)).
17
What is the value of (-35 - -38) + (23 - (-5 - -6))?
25
Calculate 22 - ((21 - 7) + -8 - 6).
22
-18 + -20 + -5 + (-2 - -11)
-34
Calculate 25 + -29 + -55 + 37.
-22
-2 - 11 - (-16 + (9 - -2))
-8
What is 25 - ((-12 - 2) + 44)?
-5
What is (-7 - 5) + (-90 - -82)?
-20
What is (0 - 3) + 4 + -1 + 159 + -178?
-19
What is 7 + (7 - 0) - (-1 + 4) - 0?
11
What is -4 + (6 - -24) + -7 - 7?
12
What is the value of (-3 - 9) + 17 + 1 + (-7 - 0)?
-1
32 + (13 - 14) + -20
11
What is the value of 1 + -1 + -11 - -2 - -7?
-2
Evaluate -2 + 2 - 8 - (-7 + 1).
-2
What is the value of 117 + -123 + (-1 - -17)?
10
(-17 - -56 - 13) + -45
-19
What is (-2 - -19 - 2) + (-14 - (-9 - 2))?
12
Calculate -39 + (-19 - -31) + 8.
-19
-16 - (-30 + 12 - -7)
-5
10 + -11 - (3 - (-4 - (1 - -4)))
-13
-16 + (-18 - (14 + -32))
-16
Calculate (-49 + 100 - 55) + (12 - 0).
8
Calculate -46 + 55 + (-14 - 1) + 5.
-1
What is the value of 16 + (52 - 35 - 45)?
-12
5 - (8 + -6 + (4 - 5))
4
3 + -21 + 17 - (-5 + 2)
2
What is the value of (-26 + 11 - -16) + -16?
-15
Calculate -2 + (-2 + (0 - -2) - (88 + -77)).
-13
Calculate -35 - ((-32 - -31) + -29).
-5
What is -82 + 86 - (11 - (2 - 3))?
-8
104 - 94 - (-3 - (2 + -7))
8
25 + (7 - (-7 + 9 + 8))
22
Calculate (10 - (1 - -2)) + 169 + -173.
3
What is 212 + -185 + (-5 - -3) + -12?
13
Calculate -5 + (-2 - 4) + 10 + (-17 - -8).
-10
Calculate 2 + 7 + -7 + 20 + -13.
9
What is the value of (-514 - -508) + -2 + 27 + (-1 - -2)?
20
Calculate -1 + 1 + -1 + 638 + -645.
-8
Calculate (-11 - (-10 + -10)) + 0.
9
What is (17 - (-34 - -63)) + 32?
20
(-16 - -71 - 45) + 1 + (1 - 1)
11
What is 5 - (-2 - -23) - -11?
-5
Calculate 26 + (-23 - (13 + -21)).
11
What is (-28 - -33) + -18 - -30?
17
Evaluate 2 + -4 + -4 - (-326 - -313).
7
What is the value of 10 - (0 + -5 + (5 - 7) + 15)?
2
What is 10 - ((-1 - 0) + 10 + -7) - 34?
-26
What is (123 - 127) + (-9 - -15 - (0 - 3))?
5
What is 1 + (0 - -11) + -5 - 3?
4
What is the value of -3 + 1 + -1 + 2 + 1?
0
Calculate 4 + -4 + 2 + -16 + 7.
-7
Calculate 2 - (-1 - -4 - 0) - (6 - 17).
10
What is the value of -14 - -4 - (-35 + 23)?
2
What is the value of -17 + 0 + (8 - (22 - 8 - 6))?
-17
7 - (17 - 8 - 16)
14
Calculate 1 + -1 + -4 + 6 + -9 + 15.
8
Evaluate 4 + (-18 - 7) + 11.
-10
4 + (6 + -6 - -8) + -6
6
Evaluate -4 + 2 + (49 - (13 + -9 - -4)).
39
Calculate 1 - ((4 - (5 + 2)) + 17 + 1).
-14
Calculate -24 + 1 - (26 + -52 + 36) - -9.
-24
(20 - (53 + -20)) + -9 + -1
-23
-9 - (4 - (-1 + 5) - 3)
-6
What is -4 + -5 - (6 + -1)?
-14
What is -20 - -1 - (-48 - -36)?
-7
Calculate 62 + -81 + 14 + -1 + 22.
16
Calculate -8 - ((29 - 33) + (0 - (-1 - -3))).
-2
What is the value of 6 - (4 + (1 - -6) + -5)?
0
Calculate 10 + -1 + 0 + -6 + 0 + -2.
1
-12 - ((-22 - -25) + -14 + 4)
-5
3 + (4 - 17) + -2 + -1 + 7
-6
(29 - (-27 + 32)) + -11
13
-5 - (13 - 6) - (-4 + 2)
-10
Calculate -45 + (15 - 14) + 28.
-16
(-8 + 13 - -27) + -29
3
What is 1 + 6 + (-28 - (-1 + -5 + -4))?
-11
Calculate (13 - (9 + -4)) + (-12 - -5) + 7.
8
-21 + (-14 - -13) - -20
-2
Evaluate 22 + (24 + -15 - (7 + -1)).
25
(-3 - -7 - (1 - (1 - 1))) + 4
7
What is 4 - 2 - ((11 - -1) + -13)?
3
Evaluate (-12 + 3 - 5 - -10) + 8.
4
What is (23 - (-9 + 3 - 1)) + -10?
20
What is -11 + 4 + (-2 + (4 - 5) - -5)?
-5
Evaluate 14 + (-11 - -3 - -9) - -3.
18
What is (-6 - (8 - (0 + 2 + 6))) + -3?
-9
Evaluate (-834 - -814) + (8 - -1).
-11
Evaluate (-8 - -1) + -28 + 49 